{"id":9,"date":"2021-10-05T17:03:31","date_gmt":"2021-10-05T15:03:31","guid":{"rendered":"https:\/\/malzkorn.de\/digi2021\/?page_id=9"},"modified":"2022-01-28T09:58:59","modified_gmt":"2022-01-28T08:58:59","slug":"home","status":"publish","type":"page","link":"https:\/\/www.avgkoeln.de\/avg_nachhaltigkeitsbericht_2020\/","title":{"rendered":"Home"},"content":{"rendered":"<p>[et_pb_section fb_built=&#8220;1&#8243; admin_label=&#8220;Header&#8220; _builder_version=&#8220;4.11.1&#8243; _module_preset=&#8220;default&#8220; max_width=&#8220;100%&#8220; min_height_tablet=&#8220;&#8220; min_height_phone=&#8220;1650px&#8220; min_height_last_edited=&#8220;on|phone&#8220; custom_margin=&#8220;||||false|false&#8220; custom_padding=&#8220;50px|50px|0px|50px|false|false&#8220; collapsed=&#8220;off&#8220; global_colors_info=&#8220;{}&#8220;][et_pb_row column_structure=&#8220;1_4,1_4,1_4,1_4&#8243; use_custom_gutter=&#8220;on&#8220; make_equal=&#8220;on&#8220; admin_label=&#8220;Big Menue&#8220; _builder_version=&#8220;4.11.1&#8243; _module_preset=&#8220;default&#8220; min_height=&#8220;700px&#8220; height=&#8220;700px&#8220; max_height=&#8220;700px&#8220; global_colors_info=&#8220;{}&#8220;][et_pb_column type=&#8220;1_4&#8243; _builder_version=&#8220;4.11.1&#8243; _module_preset=&#8220;default&#8220; background_enable_color=&#8220;off&#8220; background_enable_image=&#8220;off&#8220; custom_padding=&#8220;||||false|false&#8220; custom_padding_phone=&#8220;|0px|||false|false&#8220; global_colors_info=&#8220;{}&#8220;][et_pb_image src=&#8220;https:\/\/www.avgkoeln.de\/avg_nachhaltigkeitsbericht_2020\/wp-content\/uploads\/2021\/12\/1LOGO_AVG_FINAL_2013_NEGATIV_RZ_1000.png&#8220; title_text=&#8220;1LOGO_AVG_FINAL_2013_NEGATIV_RZ_1000&#8243; url=&#8220;https:\/\/www.avgkoeln.de\/&#8220; use_overlay=&#8220;on&#8220; overlay_icon_color=&#8220;RGBA(0,0,0,0)&#8220; hover_overlay_color=&#8220;rgba(255,255,255,0.4)&#8220; _builder_version=&#8220;4.11.1&#8243; _module_preset=&#8220;default&#8220; width=&#8220;50%&#8220; module_alignment=&#8220;right&#8220; custom_margin_tablet=&#8220;&#8220; custom_margin_phone=&#8220;|0px|||false|false&#8220; custom_margin_last_edited=&#8220;on|phone&#8220; custom_padding=&#8220;|0px|||false|false&#8220; border_width_right=&#8220;10px&#8220; border_color_right=&#8220;#FFFFFF&#8220; border_width_bottom=&#8220;10px&#8220; border_color_bottom=&#8220;#FFFFFF&#8220; global_colors_info=&#8220;{}&#8220;][\/et_pb_image][et_pb_text disabled_on=&#8220;off|off|off&#8220; _builder_version=&#8220;4.11.1&#8243; _dynamic_attributes=&#8220;link_option_url&#8220; _module_preset=&#8220;default&#8220; text_font=&#8220;Arial|700|on||||||&#8220; text_text_color=&#8220;#FFFFFF&#8220; text_font_size=&#8220;66px&#8220; text_line_height=&#8220;1.1em&#8220; background_enable_color=&#8220;off&#8220; background_image=&#8220;https:\/\/www.avgkoeln.de\/avg_nachhaltigkeitsbericht_2020\/wp-content\/uploads\/2021\/12\/Strategie-Header.jpg&#8220; width=&#8220;100%&#8220; width_tablet=&#8220;&#8220; width_phone=&#8220;100%&#8220; width_last_edited=&#8220;on|phone&#8220; max_width=&#8220;100%&#8220; min_height=&#8220;50%&#8220; height=&#8220;50%&#8220; height_tablet=&#8220;&#8220; height_phone=&#8220;250px&#8220; height_last_edited=&#8220;on|phone&#8220; max_height=&#8220;50%&#8220; custom_margin=&#8220;0px|0px|0px|0px|false|false&#8220; custom_padding=&#8220;30px|30px|30px|50px|false|false&#8220; custom_padding_tablet=&#8220;&#8220; custom_padding_phone=&#8220;0px|0px|0px|0px|false|false&#8220; custom_padding_last_edited=&#8220;on|phone&#8220; link_option_url=&#8220;@ET-DC@eyJkeW5hbWljIjp0cnVlLCJjb250ZW50IjoicG9zdF9saW5rX3VybF9wYWdlIiwic2V0dGluZ3MiOnsicG9zdF9pZCI6IjYwIn19@&#8220; module_alignment_tablet=&#8220;&#8220; module_alignment_phone=&#8220;right&#8220; module_alignment_last_edited=&#8220;on|phone&#8220; border_width_right=&#8220;10px&#8220; border_color_right=&#8220;#FFFFFF&#8220; border_width_bottom=&#8220;10px&#8220; border_color_bottom=&#8220;#FFFFFF&#8220; global_colors_info=&#8220;{}&#8220; background__hover_enabled=&#8220;off|hover&#8220; background_color__hover=&#8220;#FFFFFF&#8220; background_enable_color__hover=&#8220;on&#8220; background_image__hover=&#8220;https:\/\/www.avgkoeln.de\/avg_nachhaltigkeitsbericht_2020\/wp-content\/uploads\/2021\/10\/Headerbilder_01_Strategie.jpg&#8220; background_enable_image__hover=&#8220;on&#8220; parallax__hover=&#8220;on&#8220;][\/et_pb_text][et_pb_image src=&#8220;https:\/\/www.avgkoeln.de\/avg_nachhaltigkeitsbericht_2020\/wp-content\/uploads\/2021\/10\/Headerbilder_01_Umwelt.jpg&#8220; title_text=&#8220;Headerbilder_01_Umwelt&#8220; disabled_on=&#8220;on|on|off&#8220; _builder_version=&#8220;4.11.1&#8243; _module_preset=&#8220;default&#8220; width=&#8220;70%&#8220; module_alignment=&#8220;right&#8220; border_width_right=&#8220;10px&#8220; border_color_right=&#8220;#FFFFFF&#8220; global_colors_info=&#8220;{}&#8220;][\/et_pb_image][\/et_pb_column][et_pb_column type=&#8220;1_4&#8243; _builder_version=&#8220;4.11.1&#8243; _dynamic_attributes=&#8220;link_option_url&#8220; _module_preset=&#8220;default&#8220; background_color=&#8220;RGBA(0,0,0,0)&#8220; custom_padding=&#8220;||||false|false&#8220; link_option_url=&#8220;@ET-DC@eyJkeW5hbWljIjp0cnVlLCJjb250ZW50IjoicG9zdF9saW5rX3VybF9wYWdlIiwic2V0dGluZ3MiOnsicG9zdF9pZCI6Ijc1In19@&#8220; global_colors_info=&#8220;{}&#8220; background__hover_enabled=&#8220;off|desktop&#8220; background_color__hover=&#8220;rgba(142,58,128,0.77)&#8220; background_enable_color__hover=&#8220;on&#8220;][et_pb_text _builder_version=&#8220;4.11.1&#8243; _dynamic_attributes=&#8220;link_option_url&#8220; _module_preset=&#8220;default&#8220; text_font=&#8220;Arial|700|on||||||&#8220; text_text_color=&#8220;#FFFFFF&#8220; text_font_size=&#8220;40px&#8220; text_line_height=&#8220;1.1em&#8220; background_color=&#8220;#6cace4&#8243; width=&#8220;100%&#8220; max_width=&#8220;100%&#8220; min_height=&#8220;50%&#8220; min_height_tablet=&#8220;&#8220; min_height_phone=&#8220;250px&#8220; min_height_last_edited=&#8220;on|phone&#8220; height=&#8220;50%&#8220; max_height=&#8220;50%&#8220; custom_margin=&#8220;0px|0px|0px|0px|false|false&#8220; custom_padding=&#8220;35px|35px|35px|35px|false|false&#8220; custom_padding_tablet=&#8220;25px|25px|25px|25px|true|true&#8220; custom_padding_phone=&#8220;20px|20px|20px|20px|true|true&#8220; custom_padding_last_edited=&#8220;on|tablet&#8220; link_option_url=&#8220;@ET-DC@eyJkeW5hbWljIjp0cnVlLCJjb250ZW50IjoicG9zdF9saW5rX3VybF9wYWdlIiwic2V0dGluZ3MiOnsicG9zdF9pZCI6IjU0In19@&#8220; text_font_size_tablet=&#8220;35px&#8220; text_font_size_phone=&#8220;30px&#8220; text_font_size_last_edited=&#8220;on|phone&#8220; global_colors_info=&#8220;{}&#8220; background__hover_enabled=&#8220;on|desktop&#8220; background_color__hover=&#8220;rgba(108,172,228,0.71)&#8220; background_enable_color__hover=&#8220;on&#8220;]Unternehmensstruktur[\/et_pb_text][et_pb_text _builder_version=&#8220;4.11.1&#8243; _dynamic_attributes=&#8220;link_option_url&#8220; _module_preset=&#8220;default&#8220; text_font=&#8220;Arial|700|on||||||&#8220; text_text_color=&#8220;#FFFFFF&#8220; text_font_size=&#8220;40px&#8220; text_line_height=&#8220;1.1em&#8220; background_color=&#8220;#ed8b00&#8243; width=&#8220;100%&#8220; max_width=&#8220;100%&#8220; min_height=&#8220;50%&#8220; min_height_tablet=&#8220;&#8220; min_height_phone=&#8220;250px&#8220; min_height_last_edited=&#8220;on|phone&#8220; height=&#8220;50%&#8220; max_height=&#8220;50%&#8220; custom_margin=&#8220;0px|0px|0px|0px|false|false&#8220; custom_padding=&#8220;35px|35px|35px|35px|false|false&#8220; custom_padding_tablet=&#8220;25px|25px|25px|25px|false|false&#8220; custom_padding_phone=&#8220;20px|20px|20px|20px|false|false&#8220; custom_padding_last_edited=&#8220;on|phone&#8220; link_option_url=&#8220;@ET-DC@eyJkeW5hbWljIjp0cnVlLCJjb250ZW50IjoicG9zdF9saW5rX3VybF9wYWdlIiwic2V0dGluZ3MiOnsicG9zdF9pZCI6IjgyIn19@&#8220; text_font_size_tablet=&#8220;35px&#8220; text_font_size_phone=&#8220;30px&#8220; text_font_size_last_edited=&#8220;on|tablet&#8220; global_colors_info=&#8220;{}&#8220; background__hover_enabled=&#8220;on|desktop&#8220; background_color__hover=&#8220;rgba(237,139,0,0.74)&#8220; background_enable_color__hover=&#8220;on&#8220;]Umwelt[\/et_pb_text][\/et_pb_column][et_pb_column type=&#8220;1_4&#8243; _builder_version=&#8220;4.11.1&#8243; _dynamic_attributes=&#8220;link_option_url&#8220; _module_preset=&#8220;default&#8220; background_color=&#8220;RGBA(0,0,0,0)&#8220; custom_padding=&#8220;||||false|false&#8220; link_option_url=&#8220;@ET-DC@eyJkeW5hbWljIjp0cnVlLCJjb250ZW50IjoicG9zdF9saW5rX3VybF9wYWdlIiwic2V0dGluZ3MiOnsicG9zdF9pZCI6Ijc1In19@&#8220; global_colors_info=&#8220;{}&#8220; background__hover_enabled=&#8220;off|desktop&#8220; background_color__hover=&#8220;rgba(142,58,128,0.77)&#8220; background_enable_color__hover=&#8220;on&#8220;][et_pb_text _builder_version=&#8220;4.11.1&#8243; _dynamic_attributes=&#8220;link_option_url&#8220; _module_preset=&#8220;default&#8220; text_font=&#8220;Arial|700|on||||||&#8220; text_text_color=&#8220;#FFFFFF&#8220; text_font_size=&#8220;40px&#8220; text_line_height=&#8220;1.1em&#8220; background_color=&#8220;#8e3a80&#8243; width=&#8220;100%&#8220; width_last_edited=&#8220;off|phone&#8220; max_width=&#8220;100%&#8220; min_height=&#8220;50%&#8220; min_height_tablet=&#8220;250px&#8220; min_height_phone=&#8220;250px&#8220; min_height_last_edited=&#8220;on|phone&#8220; height=&#8220;50%&#8220; max_height=&#8220;50%&#8220; custom_margin=&#8220;0px|0px|0px|0px|false|false&#8220; custom_padding=&#8220;35px|35px|35px|35px|false|false&#8220; custom_padding_tablet=&#8220;25px|25px|25px|25px|false|false&#8220; custom_padding_phone=&#8220;20px|20px|20px|20px|false|false&#8220; custom_padding_last_edited=&#8220;on|phone&#8220; link_option_url=&#8220;@ET-DC@eyJkeW5hbWljIjp0cnVlLCJjb250ZW50IjoicG9zdF9saW5rX3VybF9wYWdlIiwic2V0dGluZ3MiOnsicG9zdF9pZCI6IjI0OSJ9fQ==@&#8220; text_font_size_tablet=&#8220;35px&#8220; text_font_size_phone=&#8220;30px&#8220; text_font_size_last_edited=&#8220;on|phone&#8220; global_colors_info=&#8220;{}&#8220; background__hover_enabled=&#8220;on|desktop&#8220; background_color__hover=&#8220;rgba(142,58,128,0.77)&#8220; background_enable_color__hover=&#8220;on&#8220;]Strategie[\/et_pb_text][et_pb_text _builder_version=&#8220;4.11.1&#8243; _dynamic_attributes=&#8220;link_option_url&#8220; _module_preset=&#8220;default&#8220; text_font=&#8220;Arial|700|on||||||&#8220; text_text_color=&#8220;#FFFFFF&#8220; text_font_size=&#8220;40px&#8220; text_line_height=&#8220;1.1em&#8220; background_color=&#8220;#f1c400&#8243; width=&#8220;100%&#8220; max_width=&#8220;100%&#8220; min_height=&#8220;50%&#8220; min_height_tablet=&#8220;250px&#8220; min_height_phone=&#8220;250px&#8220; min_height_last_edited=&#8220;on|phone&#8220; height=&#8220;50%&#8220; max_height=&#8220;50%&#8220; custom_margin=&#8220;0px|0px|0px|0px|false|false&#8220; custom_padding=&#8220;35px|35px|35px|35px|false|false&#8220; custom_padding_tablet=&#8220;25px|25px|25px|25px|false|false&#8220; custom_padding_phone=&#8220;20px|20px|20px|20px|false|false&#8220; custom_padding_last_edited=&#8220;on|phone&#8220; link_option_url=&#8220;@ET-DC@eyJkeW5hbWljIjp0cnVlLCJjb250ZW50IjoicG9zdF9saW5rX3VybF9wYWdlIiwic2V0dGluZ3MiOnsicG9zdF9pZCI6Ijg5In19@&#8220; text_font_size_tablet=&#8220;35px&#8220; text_font_size_phone=&#8220;30px&#8220; text_font_size_last_edited=&#8220;on|tablet&#8220; global_colors_info=&#8220;{}&#8220; background__hover_enabled=&#8220;on|desktop&#8220; background_color__hover=&#8220;rgba(241,196,0,0.74)&#8220; background_enable_color__hover=&#8220;on&#8220;]Gesellschaft[\/et_pb_text][\/et_pb_column][et_pb_column type=&#8220;1_4&#8243; _builder_version=&#8220;4.11.1&#8243; _module_preset=&#8220;default&#8220; custom_padding=&#8220;||||false|false&#8220; global_colors_info=&#8220;{}&#8220;][et_pb_text _builder_version=&#8220;4.11.1&#8243; _dynamic_attributes=&#8220;link_option_url&#8220; _module_preset=&#8220;default&#8220; text_font=&#8220;Arial|700|on||||||&#8220; text_text_color=&#8220;#FFFFFF&#8220; text_font_size=&#8220;40px&#8220; text_line_height=&#8220;1.1em&#8220; background_color=&#8220;#006298&#8243; width=&#8220;100%&#8220; max_width=&#8220;100%&#8220; min_height=&#8220;50%&#8220; min_height_tablet=&#8220;&#8220; min_height_phone=&#8220;250px&#8220; min_height_last_edited=&#8220;on|phone&#8220; height=&#8220;50%&#8220; max_height=&#8220;50%&#8220; custom_margin=&#8220;0px|0px|0px|0px|false|false&#8220; custom_padding=&#8220;35px|35px|35px|35px|false|false&#8220; custom_padding_tablet=&#8220;25px|25px|25px|25px|false|false&#8220; custom_padding_phone=&#8220;20px|20px|20px|20px|false|false&#8220; custom_padding_last_edited=&#8220;on|phone&#8220; link_option_url=&#8220;@ET-DC@eyJkeW5hbWljIjp0cnVlLCJjb250ZW50IjoicG9zdF9saW5rX3VybF9wYWdlIiwic2V0dGluZ3MiOnsicG9zdF9pZCI6IjYwIn19@&#8220; text_font_size_tablet=&#8220;35px&#8220; text_font_size_phone=&#8220;30px&#8220; text_font_size_last_edited=&#8220;on|phone&#8220; global_colors_info=&#8220;{}&#8220; background__hover_enabled=&#8220;on|desktop&#8220; background_color__hover=&#8220;rgba(0,98,152,0.73)&#8220; background_enable_color__hover=&#8220;on&#8220;]Prozessmanagement[\/et_pb_text][et_pb_text disabled_on=&#8220;on|on|off&#8220; _builder_version=&#8220;4.11.1&#8243; _dynamic_attributes=&#8220;link_option_url&#8220; _module_preset=&#8220;default&#8220; text_font=&#8220;Arial|700|on||||||&#8220; text_text_color=&#8220;#FFFFFF&#8220; text_font_size=&#8220;66px&#8220; text_line_height=&#8220;1.1em&#8220; background_enable_color=&#8220;off&#8220; background_image=&#8220;https:\/\/www.avgkoeln.de\/avg_nachhaltigkeitsbericht_2020\/wp-content\/uploads\/2021\/10\/Headerbilder_01_Gesellschaft.jpg&#8220; width_last_edited=&#8220;off|phone&#8220; max_width=&#8220;100%&#8220; min_height=&#8220;50%&#8220; min_height_tablet=&#8220;&#8220; min_height_phone=&#8220;&#8220; min_height_last_edited=&#8220;on|phone&#8220; height=&#8220;50%&#8220; max_height=&#8220;50%&#8220; custom_margin=&#8220;0px|0px|0px|0px|false|false&#8220; custom_padding=&#8220;30px|30px|30px|50px|false|false&#8220; link_option_url=&#8220;@ET-DC@eyJkeW5hbWljIjp0cnVlLCJjb250ZW50IjoicG9zdF9saW5rX3VybF9wYWdlIiwic2V0dGluZ3MiOnsicG9zdF9pZCI6IjYwIn19@&#8220; border_width_top=&#8220;10px&#8220; border_color_top=&#8220;#FFFFFF&#8220; border_width_left=&#8220;10px&#8220; border_color_left=&#8220;#FFFFFF&#8220; global_colors_info=&#8220;{}&#8220; background__hover_enabled=&#8220;off|desktop&#8220; background_color__hover=&#8220;#FFFFFF&#8220; background_enable_color__hover=&#8220;on&#8220; background_image__hover=&#8220;https:\/\/www.avgkoeln.de\/avg_nachhaltigkeitsbericht_2020\/wp-content\/uploads\/2021\/10\/Headerbilder_01_Gesellschaft.jpg&#8220; background_enable_image__hover=&#8220;on&#8220; parallax__hover=&#8220;on&#8220;][\/et_pb_text][\/et_pb_column][\/et_pb_row][\/et_pb_section][et_pb_section fb_built=&#8220;1&#8243; admin_label=&#8220;Content&#8220; _builder_version=&#8220;4.11.1&#8243; _module_preset=&#8220;default&#8220; width=&#8220;100%&#8220; max_width=&#8220;100%&#8220; custom_margin_tablet=&#8220;&#8220; custom_margin_phone=&#8220;||||false|false&#8220; custom_margin_last_edited=&#8220;on|phone&#8220; custom_padding=&#8220;0px|50px|50px|50px|false|false&#8220; global_colors_info=&#8220;{}&#8220;][et_pb_row column_structure=&#8220;1_5,1_5,3_5&#8243; _builder_version=&#8220;4.11.1&#8243; _module_preset=&#8220;39919aa8-b191-4761-bae3-3380b9dd0cd7&#8243; global_colors_info=&#8220;{}&#8220;][et_pb_column type=&#8220;1_5&#8243; _builder_version=&#8220;4.11.1&#8243; _module_preset=&#8220;default&#8220; global_colors_info=&#8220;{}&#8220;][\/et_pb_column][et_pb_column type=&#8220;1_5&#8243; _builder_version=&#8220;4.11.1&#8243; _module_preset=&#8220;default&#8220; global_colors_info=&#8220;{}&#8220;][\/et_pb_column][et_pb_column type=&#8220;3_5&#8243; _builder_version=&#8220;4.11.1&#8243; _module_preset=&#8220;4d5e29bc-87a8-441c-ab7f-f1dc704c2fb1&#8243; global_colors_info=&#8220;{}&#8220;][et_pb_text _builder_version=&#8220;4.11.1&#8243; _module_preset=&#8220;default&#8220; custom_margin=&#8220;||||false|false&#8220; custom_margin_tablet=&#8220;50px||||false|false&#8220; custom_margin_phone=&#8220;25px||||false|false&#8220; custom_margin_last_edited=&#8220;on|tablet&#8220; custom_padding=&#8220;80px||||false|false&#8220; global_colors_info=&#8220;{}&#8220;]<\/p>\n<h1>Nachhaltigkeitsbericht<br \/>\n2018 \u2013 2020<br \/>\nder AVG K\u00f6ln<\/h1>\n<p>[\/et_pb_text][et_pb_text _builder_version=&#8220;4.11.1&#8243; _module_preset=&#8220;default&#8220; custom_margin=&#8220;||50px||false|false&#8220; custom_margin_tablet=&#8220;&#8220; custom_margin_phone=&#8220;&#8220; custom_margin_last_edited=&#8220;on|tablet&#8220; custom_padding=&#8220;50px||||false|false&#8220; global_colors_info=&#8220;{}&#8220;]<\/p>\n<h2>Weichenstellung f\u00fcr die Zukunft<\/h2>\n<p>[\/et_pb_text][et_pb_text _builder_version=&#8220;4.11.1&#8243; _module_preset=&#8220;default&#8220; global_colors_info=&#8220;{}&#8220;]&#8220;In der Triade 2018 \u2013 2020 hat auch in der AVG K\u00f6ln ein weiterer Umdenkungsprozess eingesetzt. Ausgel\u00f6st wurde dies durch internationale Vereinbarungen wie die erste umfassende und rechtsverbindliche \u00dcbereinkunft auf der Pariser Klimakonferenz im Dezember 2015, die Erderw\u00e4rmung deutlich unter 2 \u00b0C zu halten und den Temperaturanstieg durch weitere Ma\u00dfnahmen auf 1,5 \u00b0C zu begrenzen. Auch mit dem Inkrafttreten der in Anlehnung an die Entwicklung der Millenniumsentwicklungsziele verabschiedeten 17 Ziele f\u00fcr nachhaltige Entwicklung durch die Vereinten Nationen (Sustainable Development Goals \u2013 SDG) zum 1. Januar 2016 sind in der Umwelt- und Klimapolitik neue Leitplanken eingezogen worden. Daran haben sich auch lokal und regional ausgerichtete und agierende Unternehmen zu orientieren.<\/p>\n<p>In die gleiche Richtung zielt auch der European Green Deal, ein von der Europ\u00e4ischen Kommission im Dezember 2019 vorgestelltes Konzept. Bis 2050 sollen in der Europ\u00e4ischen Union die Nettoemissionen von Treibhausgasen auf null reduziert und Europa soll somit als erster Kontinent klimaneutral werden. Noch ambitionierter gibt sich die deutsche Politik. Das neue Klimaschutzgesetz, 2021 aufgrund eines Urteils des Bundesverfassungsgerichts nochmals nachgesch\u00e4rft, sieht eine <span>CO<\/span><sub>2<\/sub>-Neutralit\u00e4t bis 2045 vor.<\/p>\n<p>Diese Entwicklung strahlte auch auf die Lokalpolitik aus, wie die Entscheidung des Rates der Stadt K\u00f6ln zur Ausrufung des Klimanotstandes im Juli 2019, die Einsetzung eines Klimarates und die Vorgaben zur Erarbeitung eines Zero-Waste-Konzeptes im Mai 2021 zeigen.<\/p>\n<p>Zu diesen von der Politik gesetzten Rahmenbedingungen kommen die praktischen klimatischen Erfahrungen der letzten Jahre hinzu, seien es die D\u00fcrresommer mit einschneidenden Ver\u00e4nderungen f\u00fcr unsere W\u00e4lder oder die Unwetter- und Hochwasserereignisse in j\u00fcngster Zeit. In diesem Kontext ist auch die Entstehung neuer gesellschaftlicher Bewegungen wie Fridays for Future zu sehen, die dem Themenkomplex einer nachhaltigen Entwicklung unserer Unternehmen wie auch unserer Gesellschaft Vorschub leisten.<\/p>\n<p>Diese Entwicklung ist unumkehrbar; sie wird uns in den n\u00e4chsten Jahren &#8222;auf Trab&#8220; halten und weiter anspornen.<\/p>\n<p>Die Abfallwirtschaft ist auf Nachhaltigkeit ausgerichtet. Sie hat sich in den vergangenen Jahrzehnten von der reinen Abfallentsorgung hin zur Ressourcen- und Kreislaufwirtschaft gewandelt. Sie leistete bereits in der Vergangenheit einen gro\u00dfen Beitrag zum Schutz unserer Umwelt und unseres Klimas, denn sie ist die einzige Branche, die <span>CO<\/span><sub>2 <\/sub>reduzierend arbeitet. Doch dies wird nicht ausreichen, um die anspruchsvollen Zwischenziele und die endg\u00fcltigen Ziele zu erreichen.<\/p>\n<p>Die AVG K\u00f6ln und ihre Tochtergesellschaften AVG Ressourcen, AVG Kompostierung und AVG Service tragen mit dazu bei, dass Klimaschutz in K\u00f6ln zu einem Erfolg gef\u00fchrt werden kann. J\u00e4hrlich werden durch die Aktivit\u00e4ten der AVG-Gruppe mehr als 300.000 Tonnen Treibhausgase vermieden. Im Berichtszeitraum 2018 \u2013 2020 hat die AVG-Gruppe durch die Inbetriebnahme der Altholzaufbereitungsanlage und der Verg\u00e4rungsanlage, durch Umstellungen der Beleuchtungsanlage auf LED und weitere kleinere Ma\u00dfnahmen zus\u00e4tzliche Einsparungspotenziale gehoben.<\/p>\n<p>Dabei ist es jedoch wichtig, nicht nur die Entwicklungen in der Domstadt im Blick zu haben. Klimaschutz muss l\u00e4nder\u00fcbergreifend betrieben werden. Dies wird insbesondere bei der Deponierung von Abfall augenf\u00e4llig, da sie den gr\u00f6\u00dften <span>CO<\/span><sub>2<\/sub>-Beitrag in der Abfallbranche ausmacht. In Deutschland darf bereits seit 2005 kein Abfall mehr unbehandelt abgelagert werden, um der Deponiegasentstehung \u2013 vornehmlich des Treibhausgases Methan \u2013 mittelfristig zu begegnen. In vielen Regionen der EU gibt es jedoch noch lange \u00dcbergangsfristen, teilweise bis 2035. Hier lassen sich weitere Einsparungen in den n\u00e4chsten Jahren erreichen, wenn die Fristen verk\u00fcrzt werden und l\u00e4nder\u00fcbergreifende Unterst\u00fctzungen goutiert werden.<\/p>\n<p>Der Nachhaltigkeitsbericht 2018 \u2013 2020 der AVG K\u00f6ln, in deren Betrachtung auch die Tochtergesellschaften einflie\u00dfen, fasst die Aktivit\u00e4ten aus den Bereichen \u00d6konomie, \u00d6kologie und Soziales f\u00fcr den Berichtszeitraum zusammen. Dabei werden stets auch Perspektiven in die folgende Triade 2021 \u2013 2023 aufgezeigt, um die dynamischen Prozesse in der K\u00f6lner Abfallwirtschaft \u2013 auch in Wechselwirkung mit den \u00fcbrigen Sektoren in der Stadt und dar\u00fcber hinaus \u2013 umfassend darzustellen.<\/p>\n<p>Viel Spa\u00df bei der Lekt\u00fcre[\/et_pb_text][\/et_pb_column][\/et_pb_row][et_pb_row column_structure=&#8220;1_5,1_5,1_5,1_5,1_5&#8243; use_custom_gutter=&#8220;on&#8220; gutter_width=&#8220;4&#8243; _builder_version=&#8220;4.11.1&#8243; _module_preset=&#8220;default&#8220; custom_margin=&#8220;50px|0px|0px|0px|false|false&#8220; global_colors_info=&#8220;{}&#8220;][et_pb_column type=&#8220;1_5&#8243; _builder_version=&#8220;4.11.1&#8243; _module_preset=&#8220;default&#8220; global_colors_info=&#8220;{}&#8220;][\/et_pb_column][et_pb_column type=&#8220;1_5&#8243; _builder_version=&#8220;4.11.1&#8243; _module_preset=&#8220;default&#8220; global_colors_info=&#8220;{}&#8220;][\/et_pb_column][et_pb_column type=&#8220;1_5&#8243; _builder_version=&#8220;4.11.1&#8243; _module_preset=&#8220;default&#8220; global_colors_info=&#8220;{}&#8220;][et_pb_image src=&#8220;https:\/\/www.avgkoeln.de\/avg_nachhaltigkeitsbericht_2020\/wp-content\/uploads\/2021\/12\/Andreas_Freund.png&#8220; title_text=&#8220;Andreas_Freund&#8220; _builder_version=&#8220;4.11.1&#8243; _module_preset=&#8220;default&#8220; max_height=&#8220;150px&#8220; global_colors_info=&#8220;{}&#8220;][\/et_pb_image][et_pb_text _builder_version=&#8220;4.11.1&#8243; _module_preset=&#8220;default&#8220; global_colors_info=&#8220;{}&#8220;]Andreas Freund<span class=\"Apple-tab-span\"> <\/span><\/p>\n<p><span class=\"Apple-tab-span\">Sprecher der<br \/>\n<\/span><span class=\"Apple-tab-span\">Gesch\u00e4ftsf\u00fchrung<\/span>[\/et_pb_text][\/et_pb_column][et_pb_column type=&#8220;1_5&#8243; _builder_version=&#8220;4.11.1&#8243; _module_preset=&#8220;default&#8220; global_colors_info=&#8220;{}&#8220;][et_pb_image src=&#8220;https:\/\/www.avgkoeln.de\/avg_nachhaltigkeitsbericht_2020\/wp-content\/uploads\/2021\/12\/Karl_Georg_Boje.png&#8220; title_text=&#8220;Karl_Georg_Boje&#8220; _builder_version=&#8220;4.11.1&#8243; _module_preset=&#8220;default&#8220; max_height=&#8220;150px&#8220; global_colors_info=&#8220;{}&#8220;][\/et_pb_image][et_pb_text _builder_version=&#8220;4.11.1&#8243; _module_preset=&#8220;default&#8220; global_colors_info=&#8220;{}&#8220;]Karl Georg Boje<\/p>\n<p>Gesch\u00e4ftsf\u00fchrer[\/et_pb_text][\/et_pb_column][et_pb_column type=&#8220;1_5&#8243; _builder_version=&#8220;4.11.1&#8243; _module_preset=&#8220;default&#8220; global_colors_info=&#8220;{}&#8220;][et_pb_image src=&#8220;https:\/\/www.avgkoeln.de\/avg_nachhaltigkeitsbericht_2020\/wp-content\/uploads\/2021\/12\/Peter_Mooren.png&#8220; title_text=&#8220;Peter_Mooren&#8220; _builder_version=&#8220;4.11.1&#8243; _module_preset=&#8220;default&#8220; max_height=&#8220;150px&#8220; global_colors_info=&#8220;{}&#8220;][\/et_pb_image][et_pb_text _builder_version=&#8220;4.11.1&#8243; _module_preset=&#8220;default&#8220; global_colors_info=&#8220;{}&#8220;]Peter Mooren<\/p>\n<p>Gesch\u00e4ftsf\u00fchrer[\/et_pb_text][\/et_pb_column][\/et_pb_row][\/et_pb_section]<\/p>\n","protected":false},"excerpt":{"rendered":"<p>UnternehmensstrukturUmweltStrategieGesellschaftProzessmanagementNachhaltigkeitsbericht 2018 \u2013 2020 der AVG K\u00f6lnWeichenstellung f\u00fcr die Zukunft&#8220;In der Triade 2018 \u2013 2020 hat auch in der AVG K\u00f6ln ein weiterer Umdenkungsprozess eingesetzt. Ausgel\u00f6st wurde dies durch internationale Vereinbarungen wie die erste umfassende und rechtsverbindliche \u00dcbereinkunft auf der Pariser Klimakonferenz im Dezember 2015, die Erderw\u00e4rmung deutlich unter 2 \u00b0C zu halten und den [&hellip;]<\/p>\n","protected":false},"author":3,"featured_media":0,"parent":0,"menu_order":0,"comment_status":"closed","ping_status":"closed","template":"","meta":{"_et_pb_use_builder":"on","_et_pb_old_content":"","_et_gb_content_width":"","footnotes":""},"class_list":["post-9","page","type-page","status-publish","hentry"],"_links":{"self":[{"href":"https:\/\/www.avgkoeln.de\/avg_nachhaltigkeitsbericht_2020\/index.php?rest_route=\/wp\/v2\/pages\/9","targetHints":{"allow":["GET"]}}],"collection":[{"href":"https:\/\/www.avgkoeln.de\/avg_nachhaltigkeitsbericht_2020\/index.php?rest_route=\/wp\/v2\/pages"}],"about":[{"href":"https:\/\/www.avgkoeln.de\/avg_nachhaltigkeitsbericht_2020\/index.php?rest_route=\/wp\/v2\/types\/page"}],"author":[{"embeddable":true,"href":"https:\/\/www.avgkoeln.de\/avg_nachhaltigkeitsbericht_2020\/index.php?rest_route=\/wp\/v2\/users\/3"}],"replies":[{"embeddable":true,"href":"https:\/\/www.avgkoeln.de\/avg_nachhaltigkeitsbericht_2020\/index.php?rest_route=%2Fwp%2Fv2%2Fcomments&post=9"}],"version-history":[{"count":127,"href":"https:\/\/www.avgkoeln.de\/avg_nachhaltigkeitsbericht_2020\/index.php?rest_route=\/wp\/v2\/pages\/9\/revisions"}],"predecessor-version":[{"id":235544,"href":"https:\/\/www.avgkoeln.de\/avg_nachhaltigkeitsbericht_2020\/index.php?rest_route=\/wp\/v2\/pages\/9\/revisions\/235544"}],"wp:attachment":[{"href":"https:\/\/www.avgkoeln.de\/avg_nachhaltigkeitsbericht_2020\/index.php?rest_route=%2Fwp%2Fv2%2Fmedia&parent=9"}],"curies":[{"name":"wp","href":"https:\/\/api.w.org\/{rel}","templated":true}]}}